 is the highest common divisor of 12 and x?
12
Let i be 0*-1*2/(-4). Let t = i - -2. Suppose -s - o = -10, -4*o = -3*s - t*o + 30. Calculate the highest common factor of s and 50.
10
Suppose -5*p + 885 = 5*y, 1 + 4 = 5*y. Calculate the highest common factor of 16 and p.
16
Suppose -x - 60 = r + x, -r + 3*x - 45 = 0. Let i = 75 + r. What is the greatest common divisor of i and 7?
7
Suppose -n + 31 + 17 = 0. Suppose -2*x + 44 = -10. Let y = x - 15. Calculate the greatest common divisor of n and y.
12
Suppose 0 = -4*x - 5*o - 138, 5*o + 64 = -2*x. Let y = 67 + x. Calculate the highest common factor of y and 30.
30
Let a be (16/(-4))/4 + 7. What is the greatest common divisor of a and 2?
2
Suppose -f + 14 - 3 = 0. Suppose -4*y = 4, -y + 19 = -0*h + 4*h. Let x(w) = 16*w - 3. Let r be x(h). What is the highest common divisor of f and r?
11
Let o(s) = s**2 + s. Let k be o(-1). Suppose 5*c + 1 - 16 = k. Let h be 9*(c - 2/(-2)). Calculate the greatest common divisor of 4 and h.
4
Let i(s) be the second derivative of s**4/2 + 5*s**3/6 - s**2 - 8*s. Let l be i(2). Calculate the highest common divisor of 16 and l.
16
Let a(c) = -2*c + 2 + 0 + 11*c + 2*c. Let n be a(2). Suppose -u - 18 = -4*u. Calculate the greatest common factor of n and u.
6
Let o be -13*3/((-6)/4). Let k = 10 - 7. Suppose k*v + 35 = x + v, 5*v + 107 = 3*x. What is the greatest common factor of x and o?
13
Let q(l) = 2*l + 1. Let i be ((-4)/3)/((-2)/3). Let f be q(i). Let y(a) = a**3 - 6*a**2 - 4*a + 4. Let v be y(7). What is the greatest common factor of v and f?
5
Let p(n) = 2*n**2 - 9*n - 5. Let i be p(7). Calculate the greatest common factor of i and 12.
6
Let c(y) = -y**3 + 2*y**2 + 2*y + 3. Let m be c(3). Suppose 2*l - 6 + m = 0. Suppose l = 3*g, -d + g + 35 = 3*d. What is the greatest common factor of 27 and d?
9
Let w(d) = d**3 - 6*d**2 + 3*d - 9. Let h be w(6). Calculate the greatest common factor of h and 6.
3
Let k = -30 - -72. Let z(h) = h**2 + 5*h - 10. Suppose 2*g + 12 = -4. Let x be z(g). Calculate the greatest common factor of x and k.
14
Let j(o) = -7*o - 1. Let z be j(-1). Calculate the greatest common factor of z and 54.
6
Let t = -240 - -415. Let l = -282 - -317. What is the greatest common divisor of l and t?
35
Let v be -4 + (-1587)/(-27) + (-2)/(-9). What is the greatest common divisor of 22 and v?
11
Let z be 4/6*1791/6. Suppose 0 = 3*k - v - 119, -5*k + v + z = -0*k. Suppose 0 = -3*a - 2*a + k. What is the highest common divisor of a and 64?
8
Suppose 3*x + 112 = 10*x. Suppose 4*n + 2*r = 102, -2*n - 4*r = 2*n - 108. Calculate the greatest common divisor of x and n.
8
Let u be 4/(-10) - 2116/(-115). What is the highest common factor of u and 72?
18
Let f(u) = 3*u - 9. Let k be f(8). What is the highest common factor of 5 and k?
5
Let j(m) = -m**3 + 5. Let v be j(0). Suppose v*p + 152 = 677. Suppose 0 = -g - 2*g - z + 45, -5*z + 75 = 5*g. Calculate the greatest common divisor of g and p.
15
Suppose 0*s - 5*s + 15 = 0. Suppose -3*t + 287 = 2*p, t + 4*p - 109 = 6*p. Suppose s*m - t = -9. Calculate the greatest common divisor of m and 10.
10
Let f = 233 - 100. What is the greatest common divisor of 7 and f?
7
Let x(t) = -t**3 + 9*t**2 + 11*t - 1. Let h(m) = m**2 + 1. Let r be h(-3). Let o be x(r). Calculate the highest common divisor of 9 and o.
9
Let r(d) = d**2 - d - 1. Let w be r(-3). Calculate the greatest common factor of w and 33.
11
Suppose -y + 5 + 4 = 0. Suppose v = -0*v + y. What is the highest common factor of 9 and v?
9
Let h = -9 - -10. Let c be 0 - h - (-4)/1. Suppose -8*i + 270 = -c*i. Calculate the greatest common factor of 6 and i.
6
Let o(y) = 2*y - 2. Let u be o(2). Suppose -u*q + 395 = 75. Calculate the highest common factor of 16 and q.
16
Let p be (1 - 1) + 72 + -10. Let d = p - 42. What is the highest common divisor of d and 10?
10
Let t be 3 + (-4 - -6) + -1. Suppose -w - 3 = -5. Calculate the highest common divisor of w and t.
2
Suppose -2*w + p + 25 = 0, 4*w - 2*p = -w + 61. What is the greatest common factor of w and 88?
11
Let j = -66 - -114. Let u be (-232)/(-20) - 4/(-10). What is the highest common divisor of u and j?
12
Let i(v) = 3*v - 9. Let o(u) = 2*u - 5. Let t(d) = 3*i(d) - 5*o(d). Let b be t(-7). What is the greatest common factor of b and 55?
5
Let i = 10 - 5. Let y(o) be the second derivative of -o**4/12 + o**3 + o**2/2 + o. Let j be y(i). Calculate the greatest common divisor of j and 12.
6
Let v = 8 + -6. Suppose -3*x = 6, 6*m - 100 = 2*m + v*x. Let l(a) = a**3 + 5*a**2 - a - 2. Let y be l(-5). What is the greatest common divisor of m and y?
3
Let b = -32 - -15. Let z = b + 35. What is the highest common factor of 12 and z?
6
Suppose -2*q + 2 = -q. Suppose q*t + w - 29 = 4, -w = -3*t + 37. What is the greatest common factor of t and 7?
7
Let v be ((-8)/24)/((-1)/15). Let w be ((-3)/v)/((-2)/30). What is the greatest common divisor of 63 and w?
9
Let x be 30/(-18)*(1 + -7). What is the highest common factor of 2 and x?
2
Let u = 39 - 17. Let k(f) = -f + 11. Let s(a) = 3*a**2 - a - 1. Let m be s(2). Let w be k(m). Calculate the highest common divisor of u and w.
2
Let f(a) = 3*a**2 + 2*a + 2. Let d be f(-2). What is the highest common factor of 110 and d?
10
Let p be 8/(-3) - (-2)/3. Let l be 30/9*(-3)/p. What is the greatest common factor of l and 1?
1
Let x(s) = -2*s**2 - 28*s - 2. Let k be x(-13). Calculate the greatest common divisor of k and 192.
24
Let i be 1516/14 - 6/21. What is the highest common factor of i and 72?
36
Suppose 0 = 2*r - 2*y - 114 - 124, 0 = -5*r - 5*y + 575. Suppose -18 + 6 = -3*j. Let u = j + 9. Calculate the highest common factor of u and r.
13
Suppose -720 = -3*t - 5*t. What is the greatest common factor of t and 10?
10
Suppose 2*f + 0*y - y = 40, 0 = -2*f - 3*y + 24. Calculate the greatest common divisor of f and 18.
18
Let h(k) = -6*k - 9. Let r(x) = 0*x - 2*x + 0 + 1. Let v be r(4). Let t be h(v). What is the highest common divisor of 11 and t?
11
Suppose -4*r - 7 = 1. Let i = -2 - r. Suppose i*d + 3*d - 12 = 0. Calculate the highest common divisor of d and 20.
4
Let a be ((-2)/6)/(2/(-6)). Suppose -a = j - 5. Calculate the greatest common divisor of j and 2.
2
Suppose 0 = -3*f - 15, -3*q - f = -q - 65. Let g be (-47)/(-7) + 24/84. What is the greatest common divisor of q and g?
7
Let b be (10/(-4))/((-9)/(-18)). Let v be (4/b)/((-9)/135). What is the greatest common divisor of v and 18?
6
Let t be ((-2)/3)/(6/(-9)). Let p = t + 10. What is the highest common factor of 44 and p?
11
Let g(o) = o + 1. Let b be g(-5). Let z be (8/(-10))/(b/380). What is the greatest common factor of z and 19?
19
Suppose -3*a + a + 2 = 0. Let d be -2 + a + 1 - -22. Let s(z) = -7*z - 59. Let i be s(-10). Calculate the highest common divisor of i and d.
11
Let l be 27 - (2/10 - 12/10). Calculate the highest common divisor of 28 and l.
28
Suppose l - 5*i = 30, -5 = -l - 3*l - 3*i. Suppose l*v - 4*a = 51 + 40, 20 = -5*a. Let g = -9 - -24. Calculate the highest common factor of v and g.
15
Suppose z = 41 + 1. Calculate the highest common divisor of 63 and z.
21
Let a = 22 - 15. Calculate the highest common factor of 21 and a.
7
Let w be (-1 + -5)*(-1)/3. Suppose -59 = -w*b + 13. Calculate the greatest common divisor of 24 and b.
12
Let x be 12*(2 + 52/3). Calculate the highest common divisor of 29 and x.
29
Let w = -90 + 175. Suppose 8*s - 6*s = 68. Calculate the greatest common divisor of w and s.
17
Let h be (2/6)/((-6)/18). Let q = 6 + h. Suppose -135 = -5*w + q*b, -4*b = -2*w + 4*w - 72. What is the greatest common factor of w and 20?
10
Let v = -33 - -41. What is the greatest common divisor of v and 8?
8
Suppose 5*y - 14 = 21. Let p = y + 5. What is the highest common divisor of 3 and p?
3
Let q be (-24)/((-2)/(-16)*-3). Let t(o) = o + 8. Let k(u) = -8*u. Let j be k(-1). Let f be t(j). What is the highest common factor of q and f?
16
Let c be 5 + (-2 + 3)/(-1). Suppose 0*p + c*p = 40. Suppose 0 = t - 11 - 59. What is the greatest common divisor of t and p?
10
Suppose -570 = -15*v - 0*v. Calculate the highest common factor of 114 and v.
38
Let y(v) = v**3 + v**2 + v + 54. Let j be y(0). Let b(g) = -g - 5*g + 0*g. Let p be b(-3). What is the greatest common divisor of p and j?
18
Let i(b) = 3*b + 12. Let r be i(-6